factor of 3 and l?
3
Let n = 12 - 10. Suppose -n*u + 39 = -5. What is the greatest common factor of 66 and u?
22
Suppose -11*v = -15*v + 72. What is the greatest common factor of 81 and v?
9
Let c be ((-2)/4)/(2/(-12)). Let j = -21 - -8. Let w = 11 - j. Calculate the highest common factor of w and c.
3
Let q = 1 + 14. Calculate the greatest common factor of 75 and q.
15
Let d(l) = 4 + 8*l - 4*l - 4*l + 7*l. Let o be d(4). What is the greatest common divisor of 4 and o?
4
Suppose 25 = -3*f - 2*f. Let x be (-1086)/(-15) - (-2)/f. Suppose 4*m = 4*b + 12 + 44, -34 = -m - 4*b. What is the highest common divisor of m and x?
18
Suppose -2*o + 6 = -0*o. Let k be (0 + o)/(3/2). Suppose i + 2 - 4 = 0. Calculate the greatest common factor of k and i.
2
Let h(t) = -t + 1. Let f be h(-3). Let j be 0 + -1 + (-30)/(-5). Suppose 0 = 2*r + j - 45. What is the highest common factor of r and f?
4
Let l(v) = v**3 - 15*v**2 + 5. Let m be l(15). Calculate the greatest common divisor of m and 5.
5
Let z = -67 + 135. Suppose x - z = -0*x. What is the greatest common factor of 17 and x?
17
Let d(r) = -r + 18. Let i be d(13). Suppose -5*s = -4*y - 59, i*s = -3*y + 5*y + 67. Calculate the highest common factor of s and 165.
15
Let b be (88/6)/(14/63). Calculate the greatest common factor of 6 and b.
6
Let x be (-64)/10 - (-12)/30. Let l be x/(120/62 - 2). Let y = 291 - l. What is the greatest common factor of 18 and y?
18
Let c(d) = -d**3 + d - 1. Let k(r) = 3*r**3 + 9*r**2 + 11*r + 15. Let q(z) = -4*c(z) - k(z). Let a be q(11). Calculate the highest common divisor of 6 and a.
6
Let k(j) = 5 - 2*j - j + 2*j. Let h be k(5). Let a be h/7 - -2*15. What is the highest common factor of 20 and a?
10
Let r(y) = y**3 + 5*y**2. Let d be r(-4). Let h(z) = 3 - 5 + z**2 - 3*z + 4*z - 4*z. Let a be h(-3). Calculate the greatest common factor of d and a.
16
Let q be ((-30)/(-4) + -2)*2. Let j be 3 - (-3)/(12/788). Suppose -4*k - 3*d = -8*d - j, 5*k - 5*d - 255 = 0. What is the greatest common factor of q and k?
11
Suppose 4*g - 275 = -g. Let n(u) = 5*u - 1. Let t be n(1). Let z be (-17)/(-3) - t/6. Calculate the highest common factor of z and g.
5
Let y be ((-4)/8)/((-2)/28). Let f = 12 - y. Let b = 9 - f. What is the highest common divisor of 28 and b?
4
Let f(i) be the second derivative of i**4/12 - i**3/2 - i**2/2 - 2*i. Let m be f(-2). What is the greatest common factor of 81 and m?
9
Suppose 48 = -5*w + 13. Let z = 20 + w. Calculate the highest common factor of z and 117.
13
Let x be ((-36)/14)/(2/14). Let t be (-4)/(2 + x)*44. What is the highest common divisor of 77 and t?
11
Let l(g) = -g**3 + 8*g**2 + 5*g + 4. Let u be l(7). Calculate the highest common factor of 8 and u.
8
Suppose 0 = -3*h - 23 + 77. Suppose p = -2*p + h. Suppose -p = -v - 0. What is the greatest common factor of 54 and v?
6
Let v be (-1)/(1 + (-6)/5). Suppose 5*d = -2*f - f + 10, -2*f = v*d - 5. What is the greatest common divisor of 2 and f?
1
Suppose -5*h - k + 38 = -3*k, -k = -3*h + 23. Calculate the highest common factor of 32 and h.
8
Let h(d) = -59*d**3 + 1. Let r be h(-1). Let l(y) = -y**3 + 2*y**2 + 3*y + 3. Let n be l(3). Suppose k + 48 = n*k. What is the highest common factor of k and r?
12
Let t = -2 + 5. Let f(q) = -2*q**2 - 30*q + 34. Let j be f(-16). Calculate the greatest common factor of t and j.
1
Suppose -84 = -2*s + 4*u, 17*u + 122 = 3*s + 15*u. What is the highest common divisor of 180 and s?
20
Suppose 0 = 3*g - 2*l + 8 - 0, -2*g - 3*l - 14 = 0. Let q be (-22)/(6/g - -2). Let d = -29 - q. Calculate the highest common factor of d and 5.
5
Suppose 0 = -5*t - 0*z - 3*z + 5, -5*t - 5 = 5*z. Suppose 0 = -t*h - 371 - 197. Let n = 329 + h. What is the greatest common factor of 17 and n?
17
Let j = 104 + -48. What is the highest common divisor of j and 14?
14
Let r(f) = 6 - 3*f - 2*f + 2*f**2 - 3*f**2. Let j be r(-5). Let x(z) = z**3 - 2*z**2 + 2*z + 2. Let t be x(2). What is the greatest common divisor of j and t?
6
Suppose 2*m = -3*l + 30, -2*m + 1 = -3*l - 17. What is the greatest common factor of 3 and m?
3
Let u(n) = -n**2 - 6*n - 10. Let m be u(-4). Let q be 30/9*(m - -26). Calculate the highest common divisor of q and 32.
16
Suppose 0*p = -5*p + 900. Calculate the greatest common divisor of p and 15.
15
Let s be (-4)/12*3 - -13. Suppose -q + 17 - 5 = 0. What is the greatest common factor of q and s?
12
Let z be ((-3)/1)/(4/216). Let k = z - -238. Calculate the greatest common factor of 19 and k.
19
Let r = -26 + 12. Let q = -12 - r. Let c = -34 - -56. What is the greatest common factor of c and q?
2
Suppose 0 = -3*i - 0*i + 18. What is the greatest common factor of i and 42?
6
Suppose 0 = -r + z + 15, 2*r - 2*z + 6 = 3*r. What is the highest common factor of 18 and r?
6
Suppose 0 = 3*u - 5*u. Suppose a = -u*a + 54. Let n = 117 - a. What is the highest common divisor of 7 and n?
7
Suppose 0*p = 5*p. Suppose p = -3*n - 0*n + 144. Calculate the greatest common divisor of n and 16.
16
Let z = 184 - 133. Calculate the highest common divisor of z and 68.
17
Let s = -73 - -105. Calculate the greatest common divisor of 8 and s.
8
Let p(s) = s**2 + 7*s - 6. Let o be p(-7). Let h be (-18)/15*140/o. Suppose 5*x + 2*f - 116 = 5*f, h = x - 3*f. What is the highest common factor of x and 66?
22
Let w be (-2)/(2/(-1)) - -11. Let y be 3 + -5 + 0 + 14. What is the highest common divisor of w and y?
12
Let w = -7 + 9. Suppose 4*r + 2 = 5*r. Calculate the highest common divisor of w and r.
2
Let u(c) = -c**3 + 4*c**2 + 5*c + 4. Let i be u(5). Let s = i - 3. Let q be 2*s/((-2)/(-4)). What is the highest common factor of q and 28?
4
Let c be 40/3 - (-2)/(-6). Suppose -78 = -3*j - 2*y + 4*y, -26 = -j - 4*y. Calculate the greatest common divisor of c and j.
13
Let p be (5 + -2)*25/3. Let v be 3 - (-816)/(6 + -3). Calculate the greatest common divisor of v and p.
25
Suppose -o = -0*o. Suppose t + t - 216 = o. What is the highest common divisor of 12 and t?
12
Suppose 2*f - 14 = -2*z, -4*z + 2*f + 64 = -3*f. Calculate the greatest common divisor of 99 and z.
11
Suppose -5 - 10 = -3*r. Calculate the highest common divisor of 25 and r.
5
Suppose 4*r + 3*m - 48 = -0*m, -r - 11 = -5*m. Let c be -3 - 1 - (1 + 1)*-38. Calculate the greatest common factor of c and r.
9
Let v be ((-11)/2)/(9/(-126)). What is the greatest common divisor of v and 11?
11
Let w be (-1)/(-2)*-4*3/(-3). Let l be 54/12 - (-1)/(-2). What is the greatest common factor of l and w?
2
Let w be (1/2)/(1/2). Suppose c + 0*n - 39 = -n, 0 = -5*n - 5. Let t = c + -29. Calculate the greatest common factor of t and w.
1
Let t(d) = d**3 - d**2 - 3*d - 3. Let r be t(3). Suppose -66 = -4*g - 7*g. What is the greatest common factor of r and g?
6
Let c(y) = -y**3 + 4*y**2 + y - 2. Let r be c(4). Suppose 305 = 16*q - 47. Calculate the greatest common divisor of r and q.
2
Suppose -2*i + 874 = 124. Suppose 6*r + i = 11*r. Calculate the highest common factor of 30 and r.
15
Let m(q) be the third derivative of q**6/120 + q**5/4 - q**4/12 - 11*q**3/3 + q**2. Let p be m(-15). What is the highest common factor of 2 and p?
2
Let r = 13 + -9. Suppose -6*l + 8 = -r*l. Suppose -10 = -y - 2*d, -3*d + 2*d = -4*y + 13. Calculate the greatest common divisor of y and l.
4
Suppose 55 = 4*z - 37. Let i(s) = 15*s - 48. Let r be i(17). What is the greatest common divisor of z and r?
23
Suppose 136 + 150 = 2*r. Calculate the highest common divisor of r and 13.
13
Let m = -69 + 154. Let a be -8*3/(-30)*m. Calculate the greatest common factor of a and 17.
17
Let s = 20 - 14. Let b = 8 - s. Suppose -b*a + a + 70 = 0. What is the highest common divisor of a and 10?
10
Let w = 60 + -36. Calculate the greatest common divisor of w and 60.
12
Let n = -30 + 48. Suppose -k = 4 - n. Calculate the greatest common factor of k and 126.
14
Suppose 5*q = -0*q + 80. What is the greatest common divisor of 8 and q?
8
Let n(m) = 5*m + 5. Let f be n(3). Calculate the greatest common factor of 20 and f.
20
Let n = -13 - -20. Let g = -3 + n. Let w(k) = k**3 - 4*k**2 + 6*k - 6. Let u be w(g). Calculate the greatest common divisor of 2 and u.
2
Suppose -7 = -4*x + 5. Suppose -3*b = -x*p - 33, b - 8 = -4*p + 2*p. Calculate the greatest common factor of 15 and b.
5
Let z = 45 + 27. What is the greates